 -771 - -1198. What is the units digit of h?
7
Let g be 1 + -1 - (-1 - -2). What is the tens digit of (g - -2)/(2/106)?
5
Let k be (-8 - -5)/((-3)/7). Suppose -5*v + 17 = k. Suppose 2*n - v*o - 51 = -o, 0 = 3*n - 5*o - 66. What is the tens digit of n?
2
What is the units digit of (524/(-14))/((-63)/1323)?
6
Suppose 0 = -5*r - 2*x + 233 + 1131, -x - 1358 = -5*r. What is the hundreds digit of r?
2
Let q be (-16)/(-72) + 1742/18. What is the tens digit of (-6 - -5)/((-1)/q)?
9
Let v be (2/(-5))/((-1)/145). Suppose -3*l - 235 = -2*j, -l = j - 62 - v. What is the hundreds digit of j?
1
Suppose -295*l - 5592 = -298*l. What is the hundreds digit of l?
8
Let x = 144 + -139. Suppose -2*h - 2*s + 139 = -x*s, 52 = h - 5*s. What is the tens digit of h?
7
What is the thousands digit of 4/(-14) - 821920/(-616)?
1
Let i(m) = -m**3 - 6*m**2 + 7*m - 3. Let x be i(-7). What is the hundreds digit of 278 - 3 - 3/x?
2
Let m(q) = 65*q - 83. What is the hundreds digit of m(14)?
8
Let c = 5 + -3. Suppose -5*v = 2*y - y - 29, -2*v + y = -6. Suppose -v*i = -5*p - 3*i + 70, -3*p + 46 = -c*i. What is the units digit of p?
2
Let m(z) = z**3 + z**2 - 3*z - 1. Let i be m(-2). What is the tens digit of (i - (-22)/(-6))*-21?
5
Let f be ((-20)/12 - -2)*-12. What is the units digit of 8/(-2)*29/f?
9
Suppose -q + 24 = 4*u, 2*q + 3*q - 5 = 3*u. What is the units digit of q?
4
Let k = -17 + 13. Let i(b) = -b**3 - 4*b**2 - b - 1. Let h be i(k). Suppose 156 = -2*g + 7*g + h*o, 3 = -o. What is the units digit of g?
3
Suppose -1408 = -3*y + m, -4*y = -5*m - 1473 - 419. What is the units digit of y?
8
Suppose 5*y = -a - 70, y - 16*a + 11*a + 40 = 0. Let n(p) = p + 62. What is the units digit of n(y)?
7
Let k(m) = 6*m**2 + 12*m + 23. Let r(c) = 9*c**2 + 18*c + 35. Let t(u) = -7*k(u) + 5*r(u). What is the hundreds digit of t(-7)?
1
Let s = 22 - 55. What is the hundreds digit of s/21 + 2 - 4149/(-21)?
1
Let r(f) = f**3 + 15*f**2 - 12*f + 8. Let s be r(-12). Let j be s/(-14) - 22/77. What is the tens digit of ((-72)/14)/(j/147)?
1
Suppose 2*v = 5*x + 118, -19 + 85 = v + x. Suppose -7*p + 902 + v = 0. What is the tens digit of p?
3
Let g(u) = 683*u - 12. What is the hundreds digit of g(1)?
6
Suppose 29*l = 23*l + 5574. What is the tens digit of l?
2
Suppose 2*a - 653 = -3*d + 575, -2*a + d = -1220. What is the tens digit of a?
1
Let h(j) = -6*j + 8. Let w be h(-5). Suppose -4*i - 3*d = -32, 5*d = -5*i + w - 3. Suppose -4*r = -2*a - a + i, 4*a - 2*r = 18. What is the units digit of a?
5
Let s(d) = -197*d**3 - d**2 + d + 1. Let c be s(-1). Let w = 370 - c. What is the hundreds digit of w?
1
Suppose -2*j = j. Suppose j = 3*f - 337 + 19. Suppose 4*t = -i + 6*i - f, -t = i - 23. What is the units digit of i?
2
Let p = 17 - 19. Let o = p - -20. What is the units digit of (26/4)/(9/o)?
3
Let l(z) = 3*z**2 - 4*z - 12. Suppose 0 = -5*c + 4*c + 6. Let n be -3 + 0 - (-2 - c). What is the tens digit of l(n)?
4
Suppose 3*m + 2*q = 2, -4*q - q - 17 = 2*m. Suppose 5*o = -5*t + 35, o = -m*o. What is the units digit of t?
7
Suppose 21*k = 12905 + 10594. What is the tens digit of k?
1
Suppose -5*j - 2780 = -j. What is the tens digit of (-2)/(-8) + j/(-20)?
3
Let i(d) = -d**3 + 9*d**2 + 8*d + 4. Suppose -8 = -q - f, -5*f + 0 = -4*q + 50. Let y be i(q). Let w = y - -46. What is the units digit of w?
0
Let q(x) = 53*x**2 + 13*x + 4. Let t(h) = -13*h**2 - 3*h - 1. Let i(j) = -2*q(j) - 9*t(j). Let b be i(-1). Let v = b + -2. What is the units digit of v?
9
Let r be 3 - (7*-64 + -4). Suppose r = 5*v + 105. What is the units digit of ((-42)/(-5))/(21/v)?
8
Suppose 14*c = 20*c - 30. Suppose c*u - 4*b = 464, 0 = -u - b - 0*b + 91. What is the tens digit of u?
9
Let f = 7 - 57. Let y = -112 - -114. What is the units digit of (f/8)/(y/(-8))?
5
Let p(g) = 1 - 2 - 2 + 8*g**2 - 5*g**2 - 2*g. Suppose 4*s + 15 = 9*s. What is the tens digit of p(s)?
1
Suppose -5*d - 103 = -q, -3*q = d + 3*d - 271. What is the units digit of q?
3
Suppose -3*p + 282 - 18 = 0. Suppose -3*d = -5*g - 103, d + 2*d = 2*g + p. What is the units digit of d?
6
Let i = 10 + -8. Suppose -i*k = 2 - 20. What is the tens digit of (k + 0)/(24/64)?
2
Let l(i) = i**3 - 13*i**2 + 8*i + 78. What is the tens digit of l(15)?
4
What is the thousands digit of (-9 - (638 - 8))/((-1)/3)?
1
Suppose 17 - 47 = 5*x. Let l be 252/(-2)*16/24. What is the units digit of (-16)/x*l/(-16)?
4
Suppose 3*p - 6*p + 1008 = 0. What is the units digit of p?
6
Suppose 3*d = -5*l + 655, 0 = 7*d - 3*d - 2*l - 882. Let s = d - 141. What is the tens digit of s?
7
Let m = -69 - -74. Suppose 0*d - 3*y + 195 = 4*d, 0 = m*y - 25. What is the tens digit of d?
4
Suppose 0 = -3*t + 2 + 4. Suppose -t*p = -p. Suppose 4*s - f = 61, -4*s + 3*f = -p*s - 63. What is the units digit of s?
5
Let x(q) = -134*q**3 + 4*q**2 + 6*q + 4. What is the tens digit of x(-1)?
3
Suppose -3*h + 9 = -0*h. Suppose 320 = h*t + t. What is the tens digit of t?
8
What is the tens digit of 3/(-2) - (91/(-2) + 8)?
3
Let p(r) = -r**2 - 19*r - 29. Let u be p(-17). Suppose s - 631 = -u*x, 3*s + 69 = 4*x - 451. What is the units digit of x?
7
What is the units digit of ((-6)/(-15))/(5 + (-79773)/15955)?
1
Let w(o) = 225*o**3 - 4*o**2 + 8*o - 5. What is the thousands digit of w(2)?
1
Let j(h) = h**3 + 13*h**2 - 30*h - 5. What is the units digit of j(-14)?
9
Let p = 2836 - 267. What is the tens digit of p?
6
Let a = -29 + 57. Let c = a + -8. What is the units digit of c?
0
Let m(d) = 411*d**2 + 3*d. Let q be m(1). Let t = -293 + q. What is the units digit of t?
1
Let f = 549 + -219. What is the hundreds digit of f?
3
Suppose 3*m - 17 = 2*z - z, -5*z = -5*m + 105. Let j = z - -126. What is the hundreds digit of j?
1
Suppose 5*i - 523 = -2*f, -5*f + 5*i + 1317 = 8*i. What is the tens digit of f?
6
Suppose -2594 = -5*s + 1916. What is the tens digit of s?
0
What is the tens digit of (9/(-6))/((-3)/344)?
7
Suppose 3*o = 4*x - 262 - 379, -2*x + 4*o + 328 = 0. Suppose -n = -5*t - 2*n + x, -5*t = 3*n - 154. Let i = t + -12. What is the tens digit of i?
2
What is the tens digit of 3093/15 + ((-57)/(-15) - 4)?
0
Let y(z) = -z + 1. Let k be y(-5). Let h = 103 + -81. Suppose k*p - 8*p = -h. What is the tens digit of p?
1
Let z(s) = -s**3 - 5*s**2 - 2*s - 6. Let n be z(-5). Suppose l - 52 = 4*m, -3*m - 200 = -n*l + 8. Suppose -2*u + u = -l. What is the units digit of u?
2
Let p(s) be the second derivative of -3*s**5/20 - s**4/12 + s**3/3 + 3*s**2/2 + s. What is the tens digit of p(-2)?
1
Suppose -6553 + 1401 = 8*l. Let w = -431 - l. What is the hundreds digit of w?
2
What is the tens digit of (11 - -39)*(-152)/(-10)?
6
Let w be (6/(-2) - 3)*6/9. What is the units digit of 6*2*w*91/(-112)?
9
Suppose -8*h = -47*h + 73476. What is the thousands digit of h?
1
Let u(v) = -92*v - 13. Let f be u(-2). What is the tens digit of -1 - (1 - -2 - f)?
6
Let w(i) = i**3 + 14*i**2 - 27*i + 20. What is the tens digit of w(10)?
5
Let i(b) = -110*b**3 + 6*b**2 + 6*b - 18. What is the thousands digit of i(-3)?
2
Let t(v) = 12*v**2 - 36*v - 136. What is the hundreds digit of t(-6)?
5
Let i(a) = -4*a**3 - 2*a - 2. Let g be i(-1). Suppose -m = n - 240, -2*n = g*m + n - 961. What is the units digit of m?
1
Let s(o) = 2*o - 21. Let l(p) = -p**3 + 6*p**2 - 3*p + 4. Let n be l(5). What is the units digit of s(n)?
7
Suppose 0 = -4*x + 8*x. What is the tens digit of (216/(-42) - x)*(-14)/4?
1
Let w(k) = k**2 + 5*k. Let j(d) = -2*d**2 + 2*d - 2. Let m be j(3). Let x = -20 - m. What is the units digit of w(x)?
6
Let s(v) = v**2 + v + 3. Let c be s(0). Suppose c*u - 20 = -u. What is the tens digit of 57/u + 16/(-40)?
1
Suppose 2*h = 2*n - 2 - 10, -3*n - 5*h + 58 = 0. Suppose -10*y - 4 = -n*y. What is the tens digit of y/(-7) - (-906)/42?
2
Let z = -4 + 9. Suppose z*k + 1 = 11. Suppose 89 = k*x - 27. What is the tens digit of x?
5
Let t(x) = x**3 - 18*x**2 - 20*x + 25. Let z be t(19). Let j = 62 - z. What is the tens digit of j?
5
Let q(w) = 5*w**2 + 4*w + 2. Let h be q(-1). Suppose 0*l + h*i - 124 = -l, 4*i - 242 = -2*l. What is the units digit of l?
5
Let n be -1 - -4 - 3/((-15)/(-10)). What is the tens digit of (2 + 1 - 1) + 45/n?
4
What is the hundreds digit of (-2)/((-6)/1458*2)?
2
Let z be -20*(1 + (-21)/6). Suppose 5*x + 0*a = 4*a + 47, 0 = 5*x - 5*a - z. Let d =